 + 14?
-8
What is (4 - (12 + -4)) + 5?
1
Evaluate -2 + -3 - (3 - 7).
-1
What is the value of 4 - (-4 - -3 - -1)?
4
(0 - 1) + (3 + -4 - 2)
-4
-6 - (-2 - (-5 - -3)) - 2
-8
What is -2 - (-17 - -9 - -9)?
-3
Calculate 3 - 1 - (-18 + 10).
10
Evaluate (-1 - -3) + -12 + 5.
-5
Calculate -9 - ((6 - 6 - 9) + 3).
-3
(-2 - 2) + 0 + (0 - -3)
-1
2 + 10 + (5 - 14)
3
-5 - 1 - (-62 - -58)
-2
Calculate (9 - 7) + -4 + 8.
6
Evaluate (-12 - -1) + (3 - -11).
3
Evaluate -7 - (-5 + (1 - (-5 + 0))).
-8
What is the value of -6 + 5 + 6 + -2?
3
Calculate -2 + 1 - (5 + -4) - 1.
-3
Calculate 9 + 0 + -3 + (-8 - -1).
-1
4 - (-2 + 8) - -6
4
What is 2 + (1 - 5) - (1 + 1)?
-4
What is the value of -19 + 24 + 1 + -11?
-5
Evaluate 6 + (9 - 3) + -5.
7
-8 + (-1 + 5 - (-9 - -8))
-3
10 - (-1 + 2) - (20 + -19)
8
What is -8 + 18 + -5 + -1 + -15?
-11
What is -2 + (-2 - -5) - (0 + -2)?
3
Calculate 7 - (-11 + 16) - (-4 - -1).
5
6 + -1 + (-4 + 12 - 9)
4
4 - (0 + 2 + -2)
4
(1 + -4 - -2) + (-39 - -36)
-4
Calculate (2 - 1) + -1 + -1 + -3.
-4
Calculate (0 + 4 - 3) + -4 + 2.
-1
What is -2 + (2 + -2 - (2 - 1))?
-3
What is the value of 11 + -1 + -2 + 5 + -8?
5
What is 28 + -33 - (1 + -7)?
1
(-2 - -4) + 2 - (7 + -1)
-2
What is the value of -3 + 1 - 0 - (12 - 12)?
-2
What is the value of 3 - (0 - (-4 - (2 - 4)))?
1
What is the value of 3 + -1 + (-8 - -4 - 5)?
-7
Evaluate 5 + -16 + 17 - 12.
-6
Evaluate (6 - 3) + 4 + (-1 - 16).
-10
Calculate 1 + -5 + -3 + 4.
-3
What is 2 + -2 + 3 - (-66 - -60)?
9
Calculate 4 + 1 - (4 + 5 + -5).
1
Evaluate (-7 - -12) + (0 - (2 + -1)).
4
3 + -4 + 2 + 1
2
Calculate 7 - 14 - -8 - -3 - 2.
2
Evaluate 0 + -10 + 1 + 16.
7
-1 - -4 - 1 - (24 + -29)
7
Calculate -1 - (-6 + 3 + 2) - 6.
-6
Evaluate 3 + -4 + 4 - -1 - 4.
0
Evaluate 7 - 6 - (0 + 0) - 1.
0
What is (-6 - (-5 + 1)) + (1 - -2)?
1
What is the value of 6 - (-2 + 0) - 3?
5
Calculate 1 - (-11 - (-7 + 4 + -3)).
6
What is the value of 0 - ((-5 - -6) + 4)?
-5
Evaluate 18 - 20 - (1 + -1 - 0).
-2
What is (2 - 4) + 4 - (-23 + 34)?
-9
What is the value of (-3 - -15 - 14) + (0 - -8)?
6
Evaluate 4 + -2 - -1 - 4.
-1
-1 + (0 - (-6 + 2)) - 2
1
Calculate -4 + 4 + -5 + 0.
-5
What is (3 - 0) + (-3 - -3)?
3
(1 - 1) + -4 + 11 - 4
3
Evaluate (7 - (-2 + 6 - 1)) + -9.
-5
What is the value of 3 - (2 - -2) - -6?
5
Calculate 5 + -1 + 0 + -1 + -4.
-1
Calculate (-1 - -2) + -3 - 1.
-3
Calculate 6 + -1 - (-3 - -5 - 1).
4
Evaluate 9 - 13 - (0 - 4).
0
What is the value of (-7 - -13) + -16 + 8?
-2
Calculate 7 - (0 + (3 - -4)) - 10.
-10
What is 27 - 17 - (-1 + 7 - 1)?
5
-4 - (1 + -11 + (3 - -1))
2
4 + (-11 - (-6 + 4)) + 4
-1
Evaluate (0 - -1) + 8 + (-4 - 4).
1
Evaluate 4 + (-2 - -1) + -3 + 4.
4
(7 - 10) + 8 + (0 - 2)
3
What is the value of -5 + -3 + (5 - (1 + 2))?
-6
What is the value of 8 + -1 - (-31 - -39)?
-1
What is the value of -16 - (-7 + 3 - 5)?
-7
What is 1 - (1 - -6 - 4) - 2?
-4
What is (-3 - 0) + 3 - -4?
4
What is 5 + 2 - 4 - (0 - -3)?
0
Evaluate -3 + 3 + (2 - 1).
1
What is (-11 - (-12 - -7)) + 0?
-6
11 + 2 + -7 + 3 + -5
4
Calculate (0 - 2) + (25 - 24).
-1
What is the value of (-2 - (11 + -22)) + -15?
-6
Evaluate 64 + -59 + (-3 - 0) + -11.
-9
What is the value of (-2 - (-1 + 1 - 0)) + -4?
-6
(9 - 11) + 6 + -7
-3
Evaluate 0 - (-1 + -2 + 5 - -1).
-3
2 + 1 + 4 + -3 + 3
7
-142 - -145 - (-2 + 0)
5
What is the value of 5 + (-3 - 1 - -2 - 5)?
-2
Calculate -1 - -4 - (2 - -2 - 1).
0
Calculate -5 - (5 + -6 + -7).
3
Evaluate -4 + (3 + 0 - 2) + 7.
4
0 + 10 - (17 + -10)
3
Evaluate -4 + 5 + 3 + 1.
5
Evaluate (-8 - -13) + 1 - (11 + 3).
-8
What is 7 - 1 - (3 + -1 + 1)?
3
Calculate 3 - 6 - ((1 - 5) + -2).
3
8 + (-12 - -16) + -4
8
What is the value of -14 + 18 + (4 - 14)?
-6
What is 12 - 7 - -3 - 6?
2
-11 + 0 + 86 + -84
-9
What is -17 + 17 + (-3 - -1) + 1?
-1
Evaluate 23 + -26 - (16 + -8).
-11
What is 2 + -4 + 1 - (17 + -10)?
-8
What is 9 + -7 + (0 - (0 + -2))?
4
Evaluate 5 - 4 - (10 - 12).
3
Calculate 2 + -3 + (3 - 5) - 2.
-5
Evaluate -1 - (6 - (1 + 1)) - 2.
-7
Evaluate (2 - (14 + -7)) + 3.
-2
Evaluate 3 - (-3 - (-7 + -4)).
-5
What is the value of -1 + 0 + 1 + -4 + 0?
-4
Calculate -4 + (4 - (-1 - -1)) + 2.
2
What is 2 - (-2 + -2) - 7?
-1
What is -3 + 1 + -33 + 35?
0
Calculate (-10 - 1) + 25 + -18.
-4
-4 + -20 + 17 + (0 - 2)
-9
-2 + (-6 - -1) + 4 + 7
4
(-37 - -35) + -1 + (2 - 1)
-2
0 + (1 - 3) - 3 - -1
-4
Calculate 1 + -1 + -3 + 2 + 2.
1
What is 49 + -43 + (-10 - (-2 - -4))?
-6
8 + -13 - (-1 + 2)
-6
What is the value of 7 + (-3 - -5) + -8 - -1?
2
What is -2 + 1 + (7 - 2)?
4
What is (4 - (-3 + 8) - -9) + -3?
5
Evaluate 3 + -9 + 5 + (1 - -2).
2
What is the value of -17 + 19 + 1 + -2 + 0?
1
Calculate 3 + -2 - 4 - (-2 + 2).
-3
What is the value of 9 + -4 + -14 + (1 - -3)?
-5
Evaluate 22 + -22 - (0 + -3).
3
-11 + 6 - -1 - -9
5
What is the value of -2 - ((-9 - -5) + 5)?
-3
(-2 - -2) + 6 + -3
3
What is -2 - (1 - (-5 - -8))?
0
(6 - -1) + (7 - (9 - -13))
-8
(5 - 10) + 1 + 9
5
What is the value of 2 + 1 + -5 + 2 + -2?
-2
(29 - 31) + (2 - -7)
7
Calculate 1 - 3 - (11 + -13).
0
What is the value of -5 + 3 + -8 - -11?
1
What is -31 - -34 - (-5 - -2)?
6
-2 + (-7 + (5 - -1) - 0)
-3
What is the value of 2 + 1 + (3 - (0 - -8))?
-2
12 + -4 - (11 + -2 + 2)
-3
Evaluate -13 - (2 + -6 + 0 + -2).
-7
-3 + 8 + -1 + -2
2
-1 - ((6 - 7) + -1)
1
4 + (-5 - (12 - 16))
3
What is the value of -1 - (1 - 3) - (-1 - -3)?
-1
Evaluate 3 - (-5 + 5 + 0).
3
Evaluate 1 + 0 + -5 + 0 + 0.
-4
What is 2 + -1 + (7 - 8)?
0
(8 - -3 - 2) + -4 + 0
5
Calculate 7 - (27 + -12) - (-1 - 2).
-5
Calculate 5 - (-7 + 5 - -7).
0
What is the value of -1 + -6 + 2 + 3?
-2
11 - (0 + 8 - -5)
-2
-3 + -2 - -1 - (-99 + 95)
0
What is (-11 - -6) + 6 + 0?
1
What is the value of 6 - (-6 - (4 + -14))?
2
Calculate -6 + 2 + -1 - (0 - 2).
-3
What is the value of 1 + -1 + 2 - (-30 + 28)?
4
Evaluate -4 + (7 - (-5 - (-7 - -4))).
5
What is (1 - (-5 - (-5 - 3))) + -2?
-4
Calculate -16 - -1 - (-7 + 2) - -6.
-4
7 + 2 + 0 + -4
5
Calculate 7 - (-3 + (9 - -8)).
-7
Calculate 4 + (3 - 4) + 0 + 2.
5
Calculate -13 - -8 - (-3 - -2).
-4
Evaluate 10 + -12 - (-6 - 0).
4
What is -4 + (5 - (2 + -5))?
4
Evaluate -6 - (4 + 1 + -14).
3
Calculate (5 + -5 - (1 - 2)) + -1.
0
Evaluate 1 - 0 - (290 - 279).
-10
-2 + -10 + 10 - -3
1
What is 12 + (-11 - -5) + -4?
2
-4 + (3 - 0) + 2
1
(3 - 5) + 1 - -1
0
5 - (-23 + 34 - (2 - 1))
-5
1 + (3 - 1 - -1)
4
What is the value of -3 + (10 - (6 + -2 + 1))?
2
Evaluate -7 - -3 - (0 + -6).
2
Calculate 3 + (-1 - 2) + 3 + 1.
4
3 - (-1 + 6) - 4
-6
Evaluate (-4 - -3) + 2 + -1.
0
What is the value of 12 - 12 - -9 - 16?
-7
What is the value of -6 + (-2 - -1) + -6 + 8?
-5
What is the value of (-2 - 3) + 2 - (-28 + 18)?
7
3 + 1 + -4 + 5 + -4
1
Calculate 3 - (-3 - (2 + -4)).
4
-7 + 2 + (0 + -4 - -5)
-4
What is 5 + (-7 + 12 - 5)?
5
What is the value of (3 - (3 + 1 + -2)) + -1?
0
-4 + (-6 - -7) + 2
-1
Calculate 4 + -1 + -2 + 2.
3
Evaluate (2 - -8) + 4 + -9.
5
-3 + 4 + (0 - 0)
1
What is -6 + (-4 - (-11 + 4))?
-3
Calculate 1 + (5 - (-5 - -9)).
2
(5 - 14) + (37 - 35)
-7
5 + -2 + 2 + -5
0
Evaluate 2 + -2 + 1 + -1.
0
(1 - -1) + (-2 - 2) + 6
4
Evaluate 6 + -5 + -1 + -2 + 6.
4
(-3 - -3 - (2 - 5)) + -9
-6
(3 - (0 + 4)) + -3
-4
What is the value of 6 - (6 - (5 - 0))?
5
Evaluate -37 + 42 + (-7 - -2).
0
What is 1 - 10 - (101 - 106)?
-4
(2 + -1 - -1) + (17 - 22)
-3
Calculate (4 - -5 - 5) + -3.
1
Calculate 0 - ((-8 - -2) + 7).
-1
Evaluate -2 + 0 - (15 + -14).
-3
Calculate (-1 - 3 - 1) + (-2 - -2).
-5
Evaluate -10 - (9 - (0 + 3) - 8).
-8
What is the value of 3 - (3 + -7 + 11) - -1?
-3
Evaluate 8 + (-5 - 2) + 2.
3
Calculate 9 - 3 - (1 + 2) - -2.
5
What is (-5 - (1 - 7)) + -3?
-2
What is the value of 0 - (0 + 2) - (-6 + 7)?
-3
Calculate 5 + (-3 - 1) + (2 - 1).
2
What is the value of (-3 - 5 - 0) + 5?
-3
What is the value of -1 - (0 - 3) - (62 - 59)?
-1
What is the value of 1 + -3 - (-3 + (3 - 1))?
-1
What is 0 + (-1 - -6) + -3?
2
(1 - -8) + -36 + 33
6
What is 0 - 0 - (8 + -16)?
8
What is the value of 2 + (-3 - -1) - (10 - 9)?
-1
What is the value of -1 - (-7 - -2 - -7)?
-3
What is 0 - (2 - -1 - 5) - 7?
-5
Calculate 4 + (4 - (15 - 3) - -1).
-3
What is 0 + 2 - (17 - 16)?
1
Calculate 8 + -3 - 1 - 0.
4
Calculate 1 + (0 - -3) - (10 + -2).
-4
Evaluate (-2 - -1) + 1 + 2.
2
0 - (11 + -7 + -6)
2
-5 - (-3 + -4 + 3) - -4
3
What is the value of (-1 - (0 + -1)) + -7 + 5?